isor of 648 and 16?
8
What is the highest common divisor of 43 and 688?
43
What is the greatest common divisor of 55 and 2266?
11
What is the highest common divisor of 1966 and 6?
2
Calculate the highest common divisor of 1008 and 256.
16
What is the highest common factor of 201 and 9?
3
Calculate the highest common divisor of 85 and 17.
17
What is the highest common factor of 189 and 7?
7
Calculate the highest common divisor of 2 and 494.
2
What is the greatest common divisor of 2152 and 40?
8
Calculate the greatest common divisor of 72 and 1896.
24
What is the greatest common divisor of 44 and 9075?
11
What is the highest common divisor of 16206 and 555?
111
What is the highest common divisor of 2 and 431?
1
Calculate the highest common factor of 1334 and 46.
46
What is the greatest common divisor of 1896 and 168?
24
What is the greatest common divisor of 1519 and 14?
7
Calculate the highest common factor of 874 and 92.
46
What is the greatest common factor of 1083 and 228?
57
What is the greatest common factor of 16 and 58?
2
Calculate the highest common factor of 50 and 1510.
10
What is the greatest common factor of 189 and 105?
21
What is the highest common divisor of 651 and 42?
21
Calculate the greatest common factor of 143 and 182.
13
What is the highest common factor of 511 and 657?
73
What is the highest common divisor of 3145 and 85?
85
What is the greatest common factor of 803 and 292?
73
Calculate the greatest common factor of 176 and 380.
4
What is the highest common factor of 1725 and 69?
69
What is the greatest common divisor of 100 and 52?
4
Calculate the greatest common factor of 5 and 180.
5
Calculate the greatest common factor of 24 and 156.
12
What is the highest common divisor of 105 and 35?
35
What is the greatest common factor of 1547 and 364?
91
Calculate the greatest common divisor of 110 and 5390.
110
What is the highest common factor of 1095 and 105?
15
Calculate the highest common factor of 108 and 6534.
54
What is the greatest common factor of 400 and 272?
16
Calculate the highest common divisor of 20 and 2380.
20
What is the highest common divisor of 387 and 43?
43
What is the greatest common factor of 245 and 147?
49
Calculate the highest common divisor of 89 and 89.
89
What is the highest common divisor of 1482 and 114?
114
What is the highest common factor of 539 and 77?
77
Calculate the highest common factor of 288 and 162.
18
What is the highest common factor of 255 and 34?
17
Calculate the highest common divisor of 125 and 20.
5
What is the highest common divisor of 88 and 32?
8
Calculate the greatest common factor of 210 and 665.
35
What is the greatest common factor of 92 and 288?
4
Calculate the greatest common divisor of 20 and 101540.
20
Calculate the highest common divisor of 195 and 1677.
39
What is the highest common factor of 260 and 364?
52
What is the greatest common divisor of 5 and 31355?
5
What is the greatest common factor of 330 and 30?
30
What is the greatest common factor of 3676 and 4?
4
Calculate the highest common divisor of 143 and 39.
13
Calculate the greatest common divisor of 480 and 32.
32
Calculate the highest common factor of 793 and 13.
13
What is the highest common factor of 1940 and 25?
5
Calculate the greatest common factor of 56 and 1288.
56
What is the highest common divisor of 71 and 1?
1
Calculate the greatest common divisor of 21 and 22071.
21
Calculate the highest common factor of 544 and 3680.
32
Calculate the greatest common divisor of 102 and 544.
34
Calculate the highest common factor of 192 and 6.
6
What is the highest common divisor of 477 and 24?
3
Calculate the highest common divisor of 378 and 486.
54
What is the highest common divisor of 12 and 720?
12
What is the greatest common divisor of 3 and 8367?
3
Calculate the greatest common factor of 225 and 612.
9
Calculate the greatest common divisor of 336 and 32.
16
What is the greatest common divisor of 2373 and 105?
21
Calculate the greatest common divisor of 1 and 16.
1
What is the highest common divisor of 63 and 84?
21
What is the greatest common divisor of 2175 and 60?
15
What is the greatest common factor of 78 and 4862?
26
What is the highest common divisor of 26 and 403?
13
What is the greatest common divisor of 120 and 2280?
120
What is the greatest common factor of 2985 and 15?
15
Calculate the highest common factor of 384 and 7552.
128
Calculate the greatest common factor of 25 and 2700.
25
What is the highest common factor of 75 and 2595?
15
Calculate the greatest common divisor of 14 and 322.
14
Calculate the greatest common divisor of 9 and 24.
3
What is the highest common divisor of 55 and 165?
55
Calculate the highest common divisor of 209 and 19.
19
Calculate the highest common divisor of 128 and 14128.
16
What is the greatest common divisor of 352 and 11?
11
Calculate the highest common divisor of 110 and 10.
10
Calculate the greatest common divisor of 612 and 4352.
68
Calculate the greatest common factor of 46 and 851.
23
Calculate the highest common factor of 2250 and 18.
18
Calculate the highest common factor of 75 and 129.
3
Calculate the greatest common divisor of 656 and 41.
41
Calculate the highest common factor of 14 and 133.
7
What is the highest common factor of 1420 and 20?
20
Calculate the highest common divisor of 84 and 588.
84
What is the highest common factor of 76 and 8?
4
What is the greatest common factor of 504 and 72?
72
Calculate the highest common factor of 18 and 222.
6
What is the greatest common factor of 14 and 224?
14
Calculate the greatest common divisor of 54 and 45.
9
What is the highest common factor of 885 and 1593?
177
Calculate the highest common divisor of 6302 and 138.
46
What is the highest common divisor of 58 and 261?
29
Calculate the highest common factor of 174 and 144.
6
Calculate the greatest common factor of 192 and 24.
24
Calculate the highest common divisor of 64 and 200.
8
Calculate the highest common divisor of 60 and 318.
6
What is the highest common factor of 1036 and 1148?
28
Calculate the greatest common factor of 33 and 165.
33
Calculate the greatest common factor of 46 and 2162.
46
Calculate the highest common factor of 235 and 5.
5
What is the greatest common divisor of 170 and 50?
10
What is the greatest common factor of 11139 and 705?
141
Calculate the greatest common factor of 1 and 59.
1
What is the highest common factor of 544 and 493?
17
Calculate the greatest common divisor of 603 and 3551.
67
What is the greatest common divisor of 7 and 7?
7
Calculate the highest common divisor of 1908 and 36.
36
What is the highest common divisor of 7335 and 326?
163
What is the highest common factor of 1107 and 24?
3
What is the greatest common factor of 627 and 19?
19
What is the greatest common divisor of 63045 and 45?
45
Calculate the highest common factor of 2195 and 20.
5
What is the highest common divisor of 42 and 6?
6
What is the greatest common factor of 13 and 533?
13
Calculate the greatest common divisor of 848 and 16.
16
What is the greatest common divisor of 248 and 28?
4
What is the greatest common divisor of 60 and 1140?
60
Calculate the highest common factor of 56556 and 36.
36
What is the highest common factor of 20 and 455?
5
What is the highest common factor of 729 and 162?
81
Calculate the highest common factor of 72 and 152.
8
Calculate the highest common factor of 18 and 156.
6
Calculate the highest common factor of 4687 and 43.
43
Calculate the greatest common factor of 35 and 7385.
35
What is the highest common divisor of 10675 and 700?
175
What is the highest common divisor of 18 and 12?
6
Calculate the greatest common factor of 245 and 1085.
35
What is the greatest common factor of 210 and 24?
6
Calculate the greatest common divisor of 108 and 99.
9
What is the highest common divisor of 17429 and 87?
29
Calculate the highest common divisor of 12 and 27.
3
Calculate the highest common factor of 8 and 1864.
8
What is the greatest common divisor of 72 and 1854?
18
Calculate the greatest common divisor of 424 and 152.
8
What is the highest common divisor of 63 and 672?
21
What is the highest common factor of 120 and 630?
30
What is the highest common divisor of 30745 and 645?
215
Calculate the greatest common divisor of